{"id":13,"date":"2024-03-08T08:17:28","date_gmt":"2024-03-08T07:17:28","guid":{"rendered":"https:\/\/schlumpf3.wordpress.com\/?page_id=13"},"modified":"2024-04-12T18:19:24","modified_gmt":"2024-04-12T18:19:24","slug":"aktuelles","status":"publish","type":"page","link":"https:\/\/foerderverein-stimbergzwerge.de\/?page_id=13","title":{"rendered":"Aktuelles"},"content":{"rendered":"\n<div class=\"wp-block-group alignfull has-global-padding is-layout-constrained wp-container-core-group-is-layout-21 wp-block-group-is-layout-constrained\" style=\"padding-top:var(--wp--preset--spacing--70);padding-right:var(--wp--preset--spacing--50);padding-bottom:var(--wp--preset--spacing--70);padding-left:var(--wp--preset--spacing--50)\">\n<div class=\"wp-block-query is-layout-flow wp-block-query-is-layout-flow\"><ul class=\"wp-block-post-template is-layout-flow wp-block-post-template-is-layout-flow\"><li class=\"wp-block-post post-419 post type-post status-publish format-standard hentry category-aktuelles category-spende\">\n\n<div class=\"wp-block-group has-global-padding is-layout-constrained wp-container-core-group-is-layout-2 wp-block-group-is-layout-constrained\" style=\"padding-bottom:3rem\">\n<div class=\"wp-block-group has-global-padding is-layout-constrained wp-container-core-group-is-layout-1 wp-block-group-is-layout-constrained\"><div class=\"wp-block-post-date\"><time datetime=\"2025-02-08T12:50:23+00:00\">8. Februar 2025<\/time><\/div>\n\n<h2 style=\"font-style:normal;font-weight:700;\" class=\"has-link-color wp-elements-6661ee7d6a6414aab2e12fac7afabbb1 wp-block-post-title has-text-color has-primary-color\">Teilnahme an der Aktion &#8222;Vest Future&#8220;<\/h2><\/div>\n\n\n\n\n<div class=\"wp-block-post-excerpt\"><p class=\"wp-block-post-excerpt__excerpt\">Wir freuen uns, bekannt zu geben, dass wir planen, an der Aktion &#8222;Vest Future&#8220; teilzunehmen. &#8222;Vest Future&#8220; ist ein Spendenprojekt der Sparkasse Vest Recklinghausen in Zusammenarbeit mit dem Medienhaus Bauer, das Vereine und gemeinn\u00fctzige Organisationen in unserer Region unterst\u00fctzt. Weitere Informationen findet ihr auf der offiziellen Webseite: vestfuture.de. Wir werden euch \u00fcber unsere Teilnahme und&hellip;<\/p><p class=\"wp-block-post-excerpt__more-text\"><a class=\"wp-block-post-excerpt__more-link\" href=\"https:\/\/foerderverein-stimbergzwerge.de\/?p=419\">Weiter lesen<\/a><\/p><\/div><\/div>\n\n<\/li><li class=\"wp-block-post post-416 post type-post status-publish format-standard has-post-thumbnail hentry category-aktuelles category-spende\">\n\n<div class=\"wp-block-group has-global-padding is-layout-constrained wp-container-core-group-is-layout-4 wp-block-group-is-layout-constrained\" style=\"padding-bottom:3rem\">\n<div class=\"wp-block-group has-global-padding is-layout-constrained wp-container-core-group-is-layout-3 wp-block-group-is-layout-constrained\"><div class=\"wp-block-post-date\"><time datetime=\"2025-02-08T12:44:11+00:00\">8. Februar 2025<\/time><\/div>\n\n<h2 style=\"font-style:normal;font-weight:700;\" class=\"has-link-color wp-elements-6661ee7d6a6414aab2e12fac7afabbb1 wp-block-post-title has-text-color has-primary-color\">Spendenaktion bei Edeka<\/h2><\/div>\n\n\n<figure class=\"wp-block-post-featured-image\"><a href=\"https:\/\/foerderverein-stimbergzwerge.de\/?p=416\" target=\"_self\"  ><img loading=\"lazy\" decoding=\"async\" width=\"300\" height=\"133\" src=\"https:\/\/foerderverein-stimbergzwerge.de\/wp-content\/uploads\/2025\/02\/logo_edeka_zierles_1x.png\" class=\"attachment-post-thumbnail size-post-thumbnail wp-post-image\" alt=\"Spendenaktion bei Edeka\" style=\"object-fit:cover;\" \/><\/a><\/figure>\n\n<div class=\"wp-block-post-excerpt\"><p class=\"wp-block-post-excerpt__excerpt\">Dank der Spendenaktion bei Edeka Zierles konnten wir weitere finanzielle Mittel f\u00fcr unsere KiTa sammeln. Insgesamt haben wir 195 \u20ac\u00a0durch diese Aktion erhalten. Ein herzliches Dankesch\u00f6n an alle, die diese Aktion unterst\u00fctzt haben! Es zeigt einmal mehr, was wir gemeinsam erreichen k\u00f6nnen.<\/p><p class=\"wp-block-post-excerpt__more-text\"><a class=\"wp-block-post-excerpt__more-link\" href=\"https:\/\/foerderverein-stimbergzwerge.de\/?p=416\">Weiter lesen<\/a><\/p><\/div><\/div>\n\n<\/li><li class=\"wp-block-post post-409 post type-post status-publish format-standard has-post-thumbnail hentry category-aktuelles\">\n\n<div class=\"wp-block-group has-global-padding is-layout-constrained wp-container-core-group-is-layout-6 wp-block-group-is-layout-constrained\" style=\"padding-bottom:3rem\">\n<div class=\"wp-block-group has-global-padding is-layout-constrained wp-container-core-group-is-layout-5 wp-block-group-is-layout-constrained\"><div class=\"wp-block-post-date\"><time datetime=\"2024-09-17T05:39:23+00:00\">17. September 2024<\/time><\/div>\n\n<h2 style=\"font-style:normal;font-weight:700;\" class=\"has-link-color wp-elements-6661ee7d6a6414aab2e12fac7afabbb1 wp-block-post-title has-text-color has-primary-color\">Medienhaus-Bauer-Hilfswerk: Bildungs-Scheck<\/h2><\/div>\n\n\n<figure class=\"wp-block-post-featured-image\"><a href=\"https:\/\/foerderverein-stimbergzwerge.de\/?p=409\" target=\"_self\"  ><img loading=\"lazy\" decoding=\"async\" width=\"1370\" height=\"824\" src=\"https:\/\/foerderverein-stimbergzwerge.de\/wp-content\/uploads\/2024\/09\/630_0900_4083003_EA_Hilfswerk_Herz_5sp-1370x824-1.jpg\" class=\"attachment-post-thumbnail size-post-thumbnail wp-post-image\" alt=\"Medienhaus-Bauer-Hilfswerk: Bildungs-Scheck\" style=\"object-fit:cover;\" srcset=\"https:\/\/foerderverein-stimbergzwerge.de\/wp-content\/uploads\/2024\/09\/630_0900_4083003_EA_Hilfswerk_Herz_5sp-1370x824-1.jpg 1370w, https:\/\/foerderverein-stimbergzwerge.de\/wp-content\/uploads\/2024\/09\/630_0900_4083003_EA_Hilfswerk_Herz_5sp-1370x824-1-300x180.jpg 300w, https:\/\/foerderverein-stimbergzwerge.de\/wp-content\/uploads\/2024\/09\/630_0900_4083003_EA_Hilfswerk_Herz_5sp-1370x824-1-1024x616.jpg 1024w, https:\/\/foerderverein-stimbergzwerge.de\/wp-content\/uploads\/2024\/09\/630_0900_4083003_EA_Hilfswerk_Herz_5sp-1370x824-1-768x462.jpg 768w\" sizes=\"auto, (max-width: 1370px) 100vw, 1370px\" \/><\/a><\/figure>\n\n<div class=\"wp-block-post-excerpt\"><p class=\"wp-block-post-excerpt__excerpt\">Der F\u00f6rderverein der KiTa StimbergZWERGE hat sich f\u00fcr den Bildungs-Scheck des Medienhaus-Bauer-Hilfswerks beworben. Jetzt hei\u00dft es Daumen dr\u00fccken! Eine Jury entscheidet, welche Projekte gef\u00f6rdert werden. Wir halten euch nat\u00fcrlich auf dem Laufenden und hoffen auf gute Nachrichten!<\/p><p class=\"wp-block-post-excerpt__more-text\"><a class=\"wp-block-post-excerpt__more-link\" href=\"https:\/\/foerderverein-stimbergzwerge.de\/?p=409\">Weiter lesen<\/a><\/p><\/div><\/div>\n\n<\/li><li class=\"wp-block-post post-406 post type-post status-publish format-standard has-post-thumbnail hentry category-aktuelles\">\n\n<div class=\"wp-block-group has-global-padding is-layout-constrained wp-container-core-group-is-layout-8 wp-block-group-is-layout-constrained\" style=\"padding-bottom:3rem\">\n<div class=\"wp-block-group has-global-padding is-layout-constrained wp-container-core-group-is-layout-7 wp-block-group-is-layout-constrained\"><div class=\"wp-block-post-date\"><time datetime=\"2024-09-08T05:33:46+00:00\">8. September 2024<\/time><\/div>\n\n<h2 style=\"font-style:normal;font-weight:700;\" class=\"has-link-color wp-elements-6661ee7d6a6414aab2e12fac7afabbb1 wp-block-post-title has-text-color has-primary-color\">WDR 2 f\u00fcr euren Verein<\/h2><\/div>\n\n\n<figure class=\"wp-block-post-featured-image\"><a href=\"https:\/\/foerderverein-stimbergzwerge.de\/?p=406\" target=\"_self\"  ><img loading=\"lazy\" decoding=\"async\" width=\"960\" height=\"540\" src=\"https:\/\/foerderverein-stimbergzwerge.de\/wp-content\/uploads\/2024\/09\/fuer-euren-verein-100_v-ARDFotogalerie.jpg\" class=\"attachment-post-thumbnail size-post-thumbnail wp-post-image\" alt=\"WDR 2 f\u00fcr euren Verein\" style=\"object-fit:cover;\" srcset=\"https:\/\/foerderverein-stimbergzwerge.de\/wp-content\/uploads\/2024\/09\/fuer-euren-verein-100_v-ARDFotogalerie.jpg 960w, https:\/\/foerderverein-stimbergzwerge.de\/wp-content\/uploads\/2024\/09\/fuer-euren-verein-100_v-ARDFotogalerie-300x169.jpg 300w, https:\/\/foerderverein-stimbergzwerge.de\/wp-content\/uploads\/2024\/09\/fuer-euren-verein-100_v-ARDFotogalerie-768x432.jpg 768w\" sizes=\"auto, (max-width: 960px) 100vw, 960px\" \/><\/a><\/figure>\n\n<div class=\"wp-block-post-excerpt\"><p class=\"wp-block-post-excerpt__excerpt\">Der F\u00f6rderverein der KiTa StimbergZWERGE nimmt an der Aktion \u201eWDR 2 f\u00fcr euren Verein\u201c teil, und wir brauchen eure Unterst\u00fctzung! Hier sind die wichtigsten Infos, wie ihr uns helfen k\u00f6nnt: Was gibt es zu gewinnen? WDR 2 verlost insgesamt 30 mal 1.000 Euro an Vereine. Mit etwas Gl\u00fcck k\u00f6nnten wir eine der Gewinnsummen f\u00fcr unsere&hellip;<\/p><p class=\"wp-block-post-excerpt__more-text\"><a class=\"wp-block-post-excerpt__more-link\" href=\"https:\/\/foerderverein-stimbergzwerge.de\/?p=406\">Weiter lesen<\/a><\/p><\/div><\/div>\n\n<\/li><li class=\"wp-block-post post-386 post type-post status-publish format-standard has-post-thumbnail hentry category-aktuelles category-spende\">\n\n<div class=\"wp-block-group has-global-padding is-layout-constrained wp-container-core-group-is-layout-10 wp-block-group-is-layout-constrained\" style=\"padding-bottom:3rem\">\n<div class=\"wp-block-group has-global-padding is-layout-constrained wp-container-core-group-is-layout-9 wp-block-group-is-layout-constrained\"><div class=\"wp-block-post-date\"><time datetime=\"2024-05-08T07:30:58+00:00\">8. Mai 2024<\/time><\/div>\n\n<h2 style=\"font-style:normal;font-weight:700;\" class=\"has-link-color wp-elements-6661ee7d6a6414aab2e12fac7afabbb1 wp-block-post-title has-text-color has-primary-color\">Weitere Fahrzeuge f\u00fcr die KiTa<\/h2><\/div>\n\n\n<figure class=\"wp-block-post-featured-image\"><a href=\"https:\/\/foerderverein-stimbergzwerge.de\/?p=386\" target=\"_self\"  ><img loading=\"lazy\" decoding=\"async\" width=\"1600\" height=\"1200\" src=\"https:\/\/foerderverein-stimbergzwerge.de\/wp-content\/uploads\/2024\/05\/Fahrzeuge_20240508.jpg\" class=\"attachment-post-thumbnail size-post-thumbnail wp-post-image\" alt=\"Weitere Fahrzeuge f\u00fcr die KiTa\" style=\"object-fit:cover;\" srcset=\"https:\/\/foerderverein-stimbergzwerge.de\/wp-content\/uploads\/2024\/05\/Fahrzeuge_20240508.jpg 1600w, https:\/\/foerderverein-stimbergzwerge.de\/wp-content\/uploads\/2024\/05\/Fahrzeuge_20240508-300x225.jpg 300w, https:\/\/foerderverein-stimbergzwerge.de\/wp-content\/uploads\/2024\/05\/Fahrzeuge_20240508-1024x768.jpg 1024w, https:\/\/foerderverein-stimbergzwerge.de\/wp-content\/uploads\/2024\/05\/Fahrzeuge_20240508-768x576.jpg 768w, https:\/\/foerderverein-stimbergzwerge.de\/wp-content\/uploads\/2024\/05\/Fahrzeuge_20240508-1536x1152.jpg 1536w\" sizes=\"auto, (max-width: 1600px) 100vw, 1600px\" \/><\/a><\/figure>\n\n<div class=\"wp-block-post-excerpt\"><p class=\"wp-block-post-excerpt__excerpt\">Wir konnten heute erneut der KiTa neue Fahrzeuge \u00fcberreichen. Diese wurden im Vorfeld von der KiTa ausgesucht und wurden aus den Mitteln des F\u00f6rdervereins finanziert. Wir freuen uns, dass wir an dieser Stelle die KiTa und damit unsere Kinder wieder einmal unterst\u00fctzen konnten.<\/p><p class=\"wp-block-post-excerpt__more-text\"><a class=\"wp-block-post-excerpt__more-link\" href=\"https:\/\/foerderverein-stimbergzwerge.de\/?p=386\">Weiter lesen<\/a><\/p><\/div><\/div>\n\n<\/li><li class=\"wp-block-post post-362 post type-post status-publish format-standard has-post-thumbnail hentry category-aktuelles\">\n\n<div class=\"wp-block-group has-global-padding is-layout-constrained wp-container-core-group-is-layout-12 wp-block-group-is-layout-constrained\" style=\"padding-bottom:3rem\">\n<div class=\"wp-block-group has-global-padding is-layout-constrained wp-container-core-group-is-layout-11 wp-block-group-is-layout-constrained\"><div class=\"wp-block-post-date\"><time datetime=\"2024-04-15T18:15:23+00:00\">15. April 2024<\/time><\/div>\n\n<h2 style=\"font-style:normal;font-weight:700;\" class=\"has-link-color wp-elements-6661ee7d6a6414aab2e12fac7afabbb1 wp-block-post-title has-text-color has-primary-color\">Anmeldung bei gooding.de<\/h2><\/div>\n\n\n<figure class=\"wp-block-post-featured-image\"><a href=\"https:\/\/foerderverein-stimbergzwerge.de\/?p=362\" target=\"_self\"  ><img loading=\"lazy\" decoding=\"async\" width=\"600\" height=\"600\" src=\"https:\/\/foerderverein-stimbergzwerge.de\/wp-content\/uploads\/2024\/04\/urlaub-buchen-tiere-600x600-1.png\" class=\"attachment-post-thumbnail size-post-thumbnail wp-post-image\" alt=\"Anmeldung bei gooding.de\" style=\"object-fit:cover;\" srcset=\"https:\/\/foerderverein-stimbergzwerge.de\/wp-content\/uploads\/2024\/04\/urlaub-buchen-tiere-600x600-1.png 600w, https:\/\/foerderverein-stimbergzwerge.de\/wp-content\/uploads\/2024\/04\/urlaub-buchen-tiere-600x600-1-300x300.png 300w, https:\/\/foerderverein-stimbergzwerge.de\/wp-content\/uploads\/2024\/04\/urlaub-buchen-tiere-600x600-1-150x150.png 150w\" sizes=\"auto, (max-width: 600px) 100vw, 600px\" \/><\/a><\/figure>\n\n<div class=\"wp-block-post-excerpt\"><p class=\"wp-block-post-excerpt__excerpt\">Wir haben uns bei der Plattform gooding.de angemeldet. Dar\u00fcber k\u00f6nnen wir direkt Spenden erhalten oder k\u00f6nnen bei einem Einkauf in einem von \u00fcber 2.000 Online-Shops eine Pr\u00e4mie bekommen. Weitere Informationen haben wir auf der Seite &#8222;Spenden&#8220; zusammen gefasst.<\/p><p class=\"wp-block-post-excerpt__more-text\"><a class=\"wp-block-post-excerpt__more-link\" href=\"https:\/\/foerderverein-stimbergzwerge.de\/?p=362\">Weiter lesen<\/a><\/p><\/div><\/div>\n\n<\/li><li class=\"wp-block-post post-380 post type-post status-publish format-standard has-post-thumbnail hentry category-aktuelles category-spende\">\n\n<div class=\"wp-block-group has-global-padding is-layout-constrained wp-container-core-group-is-layout-14 wp-block-group-is-layout-constrained\" style=\"padding-bottom:3rem\">\n<div class=\"wp-block-group has-global-padding is-layout-constrained wp-container-core-group-is-layout-13 wp-block-group-is-layout-constrained\"><div class=\"wp-block-post-date\"><time datetime=\"2024-03-28T17:08:00+00:00\">28. M\u00e4rz 2024<\/time><\/div>\n\n<h2 style=\"font-style:normal;font-weight:700;\" class=\"has-link-color wp-elements-6661ee7d6a6414aab2e12fac7afabbb1 wp-block-post-title has-text-color has-primary-color\">Neues Fahrzeug f\u00fcr die KiTa<\/h2><\/div>\n\n\n<figure class=\"wp-block-post-featured-image\"><a href=\"https:\/\/foerderverein-stimbergzwerge.de\/?p=380\" target=\"_self\"  ><img loading=\"lazy\" decoding=\"async\" width=\"2560\" height=\"1873\" src=\"https:\/\/foerderverein-stimbergzwerge.de\/wp-content\/uploads\/2024\/04\/DSC08203-scaled.jpg\" class=\"attachment-post-thumbnail size-post-thumbnail wp-post-image\" alt=\"Neues Fahrzeug f\u00fcr die KiTa\" style=\"object-fit:cover;\" srcset=\"https:\/\/foerderverein-stimbergzwerge.de\/wp-content\/uploads\/2024\/04\/DSC08203-scaled.jpg 2560w, https:\/\/foerderverein-stimbergzwerge.de\/wp-content\/uploads\/2024\/04\/DSC08203-300x219.jpg 300w, https:\/\/foerderverein-stimbergzwerge.de\/wp-content\/uploads\/2024\/04\/DSC08203-1024x749.jpg 1024w, https:\/\/foerderverein-stimbergzwerge.de\/wp-content\/uploads\/2024\/04\/DSC08203-768x562.jpg 768w, https:\/\/foerderverein-stimbergzwerge.de\/wp-content\/uploads\/2024\/04\/DSC08203-1536x1124.jpg 1536w, https:\/\/foerderverein-stimbergzwerge.de\/wp-content\/uploads\/2024\/04\/DSC08203-2048x1498.jpg 2048w\" sizes=\"auto, (max-width: 2560px) 100vw, 2560px\" \/><\/a><\/figure>\n\n<div class=\"wp-block-post-excerpt\"><p class=\"wp-block-post-excerpt__excerpt\">Heute konnten wir bei der Ostereiersuche der KiTa ein neues Fahrzeug \u00fcberreichen. Dieses wurde im Vorfeld von der KiTa ausgesucht und ist fast vollst\u00e4ndig aus der Spende der opta data Stiftung &amp; Co. KG finanziert worden. Zus\u00e4tzlich wurde der KiTa an diesem Tag auch noch ein Paket mit neuen Kaltkompressen f\u00fcr die Kinder \u00fcbergeben. An&hellip;<\/p><p class=\"wp-block-post-excerpt__more-text\"><a class=\"wp-block-post-excerpt__more-link\" href=\"https:\/\/foerderverein-stimbergzwerge.de\/?p=380\">Weiter lesen<\/a><\/p><\/div><\/div>\n\n<\/li><li class=\"wp-block-post post-265 post type-post status-publish format-standard has-post-thumbnail hentry category-aktuelles\">\n\n<div class=\"wp-block-group has-global-padding is-layout-constrained wp-container-core-group-is-layout-16 wp-block-group-is-layout-constrained\" style=\"padding-bottom:3rem\">\n<div class=\"wp-block-group has-global-padding is-layout-constrained wp-container-core-group-is-layout-15 wp-block-group-is-layout-constrained\"><div class=\"wp-block-post-date\"><time datetime=\"2024-03-27T09:17:39+00:00\">27. M\u00e4rz 2024<\/time><\/div>\n\n<h2 style=\"font-style:normal;font-weight:700;\" class=\"has-link-color wp-elements-6661ee7d6a6414aab2e12fac7afabbb1 wp-block-post-title has-text-color has-primary-color\">Ordentlichen Mitgliederversammlung 2024<\/h2><\/div>\n\n\n<figure class=\"wp-block-post-featured-image\"><a href=\"https:\/\/foerderverein-stimbergzwerge.de\/?p=265\" target=\"_self\"  ><img loading=\"lazy\" decoding=\"async\" width=\"640\" height=\"557\" src=\"https:\/\/foerderverein-stimbergzwerge.de\/wp-content\/uploads\/2024\/03\/save-the-date_smal.png\" class=\"attachment-post-thumbnail size-post-thumbnail wp-post-image\" alt=\"Ordentlichen Mitgliederversammlung 2024\" style=\"object-fit:cover;\" srcset=\"https:\/\/foerderverein-stimbergzwerge.de\/wp-content\/uploads\/2024\/03\/save-the-date_smal.png 640w, https:\/\/foerderverein-stimbergzwerge.de\/wp-content\/uploads\/2024\/03\/save-the-date_smal-300x261.png 300w\" sizes=\"auto, (max-width: 640px) 100vw, 640px\" \/><\/a><\/figure>\n\n<div class=\"wp-block-post-excerpt\"><p class=\"wp-block-post-excerpt__excerpt\">Am 09. April 2024 findet ab 18:30 Uhr unsere j\u00e4hrliche ordentliche Mitgliederversammlung in der Turnhalle der KiTa StimbergZWERGE statt. Eingeladen sind alle Mitglieder des Vereins.<\/p><p class=\"wp-block-post-excerpt__more-text\"><a class=\"wp-block-post-excerpt__more-link\" href=\"https:\/\/foerderverein-stimbergzwerge.de\/?p=265\">Weiter lesen<\/a><\/p><\/div><\/div>\n\n<\/li><li class=\"wp-block-post post-261 post type-post status-publish format-standard has-post-thumbnail hentry category-aktuelles\">\n\n<div class=\"wp-block-group has-global-padding is-layout-constrained wp-container-core-group-is-layout-18 wp-block-group-is-layout-constrained\" style=\"padding-bottom:3rem\">\n<div class=\"wp-block-group has-global-padding is-layout-constrained wp-container-core-group-is-layout-17 wp-block-group-is-layout-constrained\"><div class=\"wp-block-post-date\"><time datetime=\"2023-09-06T19:00:00+00:00\">6. September 2023<\/time><\/div>\n\n<h2 style=\"font-style:normal;font-weight:700;\" class=\"has-link-color wp-elements-6661ee7d6a6414aab2e12fac7afabbb1 wp-block-post-title has-text-color has-primary-color\">neue Edelstahlbecher<\/h2><\/div>\n\n\n<figure class=\"wp-block-post-featured-image\"><a href=\"https:\/\/foerderverein-stimbergzwerge.de\/?p=261\" target=\"_self\"  ><img loading=\"lazy\" decoding=\"async\" width=\"678\" height=\"509\" src=\"https:\/\/foerderverein-stimbergzwerge.de\/wp-content\/uploads\/2024\/03\/Rotary2-678x509-1.jpg\" class=\"attachment-post-thumbnail size-post-thumbnail wp-post-image\" alt=\"neue Edelstahlbecher\" style=\"object-fit:cover;\" srcset=\"https:\/\/foerderverein-stimbergzwerge.de\/wp-content\/uploads\/2024\/03\/Rotary2-678x509-1.jpg 678w, https:\/\/foerderverein-stimbergzwerge.de\/wp-content\/uploads\/2024\/03\/Rotary2-678x509-1-300x225.jpg 300w\" sizes=\"auto, (max-width: 678px) 100vw, 678px\" \/><\/a><\/figure>\n\n<div class=\"wp-block-post-excerpt\"><p class=\"wp-block-post-excerpt__excerpt\">Die Kinder der Kita stimbergZWERGE d\u00fcrfen sich freuen. Jetzt gibt es Becher, die auch mal hinfallen d\u00fcrfen, ohne dass es gleich Scherben gibt. Es freut uns, dass die Becher nicht aus Kunststoff, sondern aus schadstoff-freiem Edelstahl&nbsp;sind. Gespendet wurden die Becher vom Rotary-Club Datteln-Lippe. Thomas Hein und Regina Brautmeier (Pr\u00e4sidentin des Rotary Club) haben die Spende&hellip;<\/p><p class=\"wp-block-post-excerpt__more-text\"><a class=\"wp-block-post-excerpt__more-link\" href=\"https:\/\/foerderverein-stimbergzwerge.de\/?p=261\">Weiter lesen<\/a><\/p><\/div><\/div>\n\n<\/li><li class=\"wp-block-post post-256 post type-post status-publish format-standard hentry category-aktuelles category-veranstaltungen\">\n\n<div class=\"wp-block-group has-global-padding is-layout-constrained wp-container-core-group-is-layout-20 wp-block-group-is-layout-constrained\" style=\"padding-bottom:3rem\">\n<div class=\"wp-block-group has-global-padding is-layout-constrained wp-container-core-group-is-layout-19 wp-block-group-is-layout-constrained\"><div class=\"wp-block-post-date\"><time datetime=\"2023-04-26T19:00:00+00:00\">26. April 2023<\/time><\/div>\n\n<h2 style=\"font-style:normal;font-weight:700;\" class=\"has-link-color wp-elements-6661ee7d6a6414aab2e12fac7afabbb1 wp-block-post-title has-text-color has-primary-color\">Gr\u00fcndungsversammlung<\/h2><\/div>\n\n\n\n\n<div class=\"wp-block-post-excerpt\"><p class=\"wp-block-post-excerpt__excerpt\">Am heutigen Tage fand in der KiTa StimbergZWERGE unsere Gr\u00fcndungsversammlung statt. In dieser ersten Sitzung wurde von den 12 stimmberechtigten Personen die Gr\u00fcndung des F\u00f6rdervereins der KiTa StimbergZWERGE beschlossen. Die Satzung wurde verabschiedet und der Vorstand wurde gew\u00e4hlt. Der Vorstand besteht aus der Vorsitzenden Sandra Rolf, dem Stellvertretender Vorsitzender Sebastian We\u00dfoly , der Kassiererin Eva&hellip;<\/p><p class=\"wp-block-post-excerpt__more-text\"><a class=\"wp-block-post-excerpt__more-link\" href=\"https:\/\/foerderverein-stimbergzwerge.de\/?p=256\">Weiter lesen<\/a><\/p><\/div><\/div>\n\n<\/li><\/ul>\n\n\n\n<\/div>\n<\/div>\n","protected":false},"excerpt":{"rendered":"","protected":false},"author":2,"featured_media":0,"parent":0,"menu_order":0,"comment_status":"closed","ping_status":"closed","template":"","meta":{"footnotes":""},"class_list":["post-13","page","type-page","status-publish","hentry"],"_links":{"self":[{"href":"https:\/\/foerderverein-stimbergzwerge.de\/index.php?rest_route=\/wp\/v2\/pages\/13","targetHints":{"allow":["GET"]}}],"collection":[{"href":"https:\/\/foerderverein-stimbergzwerge.de\/index.php?rest_route=\/wp\/v2\/pages"}],"about":[{"href":"https:\/\/foerderverein-stimbergzwerge.de\/index.php?rest_route=\/wp\/v2\/types\/page"}],"author":[{"embeddable":true,"href":"https:\/\/foerderverein-stimbergzwerge.de\/index.php?rest_route=\/wp\/v2\/users\/2"}],"replies":[{"embeddable":true,"href":"https:\/\/foerderverein-stimbergzwerge.de\/index.php?rest_route=%2Fwp%2Fv2%2Fcomments&post=13"}],"version-history":[{"count":1,"href":"https:\/\/foerderverein-stimbergzwerge.de\/index.php?rest_route=\/wp\/v2\/pages\/13\/revisions"}],"predecessor-version":[{"id":351,"href":"https:\/\/foerderverein-stimbergzwerge.de\/index.php?rest_route=\/wp\/v2\/pages\/13\/revisions\/351"}],"wp:attachment":[{"href":"https:\/\/foerderverein-stimbergzwerge.de\/index.php?rest_route=%2Fwp%2Fv2%2Fmedia&parent=13"}],"curies":[{"name":"wp","href":"https:\/\/api.w.org\/{rel}","templated":true}]}}